{"id":1485,"date":"2019-10-16T16:13:42","date_gmt":"2019-10-16T16:13:42","guid":{"rendered":"https:\/\/the7.io\/company\/?page_id=1485"},"modified":"2023-01-30T11:27:04","modified_gmt":"2023-01-30T10:27:04","slug":"unserequalitaet","status":"publish","type":"page","link":"https:\/\/tandem-bewo.de\/index.php\/unserequalitaet\/","title":{"rendered":"Unsere Qualit\u00e4t"},"content":{"rendered":"<p>[vc_row css=&#8220;.vc_custom_1634630842097{padding-top: 50px !important;}&#8220;][vc_column][vc_row_inner][vc_column_inner css=&#8220;.vc_custom_1630584324593{padding-bottom: 30px !important;}&#8220;][vc_single_image image=&#8220;15606&#8243; img_size=&#8220;large&#8220; add_caption=&#8220;yes&#8220; alignment=&#8220;center&#8220; style=&#8220;vc_box_rounded&#8220; css_animation=&#8220;fadeIn&#8220; css=&#8220;.vc_custom_1634631601340{margin-bottom: 0px !important;}&#8220;][\/vc_column_inner][\/vc_row_inner][\/vc_column][\/vc_row][vc_row css=&#8220;.vc_custom_1634544904995{border-radius: 4px !important;}&#8220;][vc_column][vc_row_inner][vc_column_inner width=&#8220;1\/3&#8243;][vc_column_text css_animation=&#8220;fadeIn&#8220;]<\/p>\n<p style=\"text-align: center;\">Unsere\u00a0vordringlichste Aufgabe ist die qualifizierte Assistenz und Beratung unserer Klientinnen und Klienten. Hierzu geh\u00f6rt die selbstbestimmte und eigenst\u00e4ndige Alltagsbew\u00e4ltigung, sie beginnt mit der eigenst\u00e4ndigen Lebensf\u00fchrung im eigenen Wohnraum und beinhaltet Freizeitgestaltung \u2013 kulturelle Teilhabe \u2013 Teilhabe am Leben in der Gemeinschaft \u2013 Aufbau und Aufrechterhaltung sozialer Beziehungen \u2013 Aus\u00fcbung von Elternschaft mit Behinderung \u2013 Aus\u00fcbung von Ehren\u00e4mtern.<\/p>\n<p>[\/vc_column_text][\/vc_column_inner][vc_column_inner width=&#8220;1\/3&#8243;][vc_column_text css_animation=&#8220;fadeIn&#8220;]<\/p>\n<p style=\"text-align: center;\">Wir betreuen jeden Klienten unabh\u00e4ngig von Geschlecht, Alter, sozialer Herkunft, Kultur, Religion oder Nationalit\u00e4t zu seiner Zufriedenheit und unter Ber\u00fccksichtigung seiner individuellen Bed\u00fcrfnisse.<\/p>\n<p>[\/vc_column_text][\/vc_column_inner][vc_column_inner width=&#8220;1\/3&#8243;][vc_column_text css_animation=&#8220;fadeIn&#8220;]<\/p>\n<p style=\"text-align: left;\">Wir stehen im Dialog mit unseren Klienten, beziehen sowohl unsere fachliche Position wie auch deren Bed\u00fcrfnisse und W\u00fcnsche in unser Handeln mit ein.<\/p>\n<p>[\/vc_column_text][\/vc_column_inner][\/vc_row_inner][\/vc_column][vc_column css=&#8220;.vc_custom_1631534310864{padding-top: 50px !important;}&#8220;][vc_row_inner][vc_column_inner width=&#8220;1\/3&#8243;][vc_column_text css_animation=&#8220;fadeIn&#8220;]<\/p>\n<p style=\"text-align: center;\">Unsere Zusammenarbeit mit unseren Klienten basiert auf wissenschaftlich anerkannten Grundlagen und orientiert sich an modernen Standards der gemeindenahen psychiatrischen Versorgung, dem Empowerment<\/p>\n<p>[\/vc_column_text][\/vc_column_inner][vc_column_inner width=&#8220;1\/3&#8243;][vc_column_text css_animation=&#8220;fadeIn&#8220;]<\/p>\n<p style=\"text-align: center;\">Wir sichern die Qualit\u00e4t unserer Arbeit durch ein zertifiziertes Qualit\u00e4tsmanagementsystem nach DIN EN ISO 9001:2015 und sorgen so f\u00fcr eine kontinuierliche Verbesserung. F\u00fcr Qualit\u00e4t ist jede Mitarbeiterin und jeder Mitarbeiter in seinem Bereich selbst verantwortlich.<\/p>\n<p>[\/vc_column_text][\/vc_column_inner][vc_column_inner width=&#8220;1\/3&#8243;][vc_column_text css_animation=&#8220;fadeIn&#8220;]<\/p>\n<p style=\"text-align: center;\">Jeder Mitarbeiter ist bef\u00e4higt, sein Handeln zu reflektieren, Dinge zu hinterfragen und selbst Kritik anzunehmen.<\/p>\n<p>[\/vc_column_text][\/vc_column_inner][\/vc_row_inner][\/vc_column][\/vc_row][vc_row][vc_column css=&#8220;.vc_custom_1631534522258{padding-top: 50px !important;padding-bottom: 50px !important;}&#8220;][vc_separator color=&#8220;custom&#8220; border_width=&#8220;3&#8243; css_animation=&#8220;fadeIn&#8220; accent_color=&#8220;#299e3f&#8220;][\/vc_column][\/vc_row][vc_row][vc_column css=&#8220;.vc_custom_1631534361848{padding-top: 50px !important;padding-bottom: 50px !important;}&#8220;][vc_row_inner][vc_column_inner width=&#8220;2\/3&#8243;][vc_single_image image=&#8220;15652&#8243; img_size=&#8220;large&#8220; alignment=&#8220;center&#8220; style=&#8220;vc_box_shadow_3d&#8220; onclick=&#8220;link_image&#8220;][vc_empty_space][\/vc_column_inner][vc_column_inner width=&#8220;1\/3&#8243;]<div id=\"ultimate-heading-333769f34c5870fa1\" class=\"uvc-heading ult-adjust-bottom-margin ultimate-heading-333769f34c5870fa1 uvc-7548 \" data-hspacer=\"no_spacer\"  data-halign=\"left\" style=\"text-align:left\"><div class=\"uvc-heading-spacer no_spacer\" style=\"top\"><\/div><div class=\"uvc-main-heading ult-responsive\"  data-ultimate-target='.uvc-heading.ultimate-heading-333769f34c5870fa1 h2'  data-responsive-json-new='{\"font-size\":\"desktop:34px;\",\"line-height\":\"desktop:44px;\"}' ><h2 style=\"font-weight:bold;color:#164784;\">Unsere Mitgliedschaften<\/h2><\/div><\/div>[vc_empty_space height=&#8220;50&#8243;][vc_single_image image=&#8220;15459&#8243; img_size=&#8220;medium&#8220; alignment=&#8220;center&#8220;][vc_column_text]Bundesverband privater Anbieter sozialer Dienste e.V.[\/vc_column_text][vc_empty_space height=&#8220;50&#8243;][vc_single_image image=&#8220;15463&#8243; img_size=&#8220;medium&#8220; alignment=&#8220;center&#8220;][vc_column_text]Deutsche Gesellschaft f\u00fcr Soziale Psychiatrie e.V.[\/vc_column_text][\/vc_column_inner][\/vc_row_inner][\/vc_column][\/vc_row]<\/p>\n","protected":false},"excerpt":{"rendered":"<p>[vc_row css=&#8220;.vc_custom_1634630842097{padding-top: 50px !important;}&#8220;][vc_column][vc_row_inner][vc_column_inner css=&#8220;.vc_custom_1630584324593{padding-bottom: 30px !important;}&#8220;][vc_single_image image=&#8220;15606&#8243; img_size=&#8220;large&#8220; add_caption=&#8220;yes&#8220; alignment=&#8220;center&#8220; style=&#8220;vc_box_rounded&#8220; css_animation=&#8220;fadeIn&#8220; css=&#8220;.vc_custom_1634631601340{margin-bottom: 0px !important;}&#8220;][\/vc_column_inner][\/vc_row_inner][\/vc_column][\/vc_row][vc_row css=&#8220;.vc_custom_1634544904995{border-radius: 4px !important;}&#8220;][vc_column][vc_row_inner][vc_column_inner width=&#8220;1\/3&#8243;][vc_column_text css_animation=&#8220;fadeIn&#8220;] Unsere\u00a0vordringlichste Aufgabe ist die qualifizierte Assistenz und Beratung unserer Klientinnen und Klienten. Hierzu geh\u00f6rt die selbstbestimmte und eigenst\u00e4ndige Alltagsbew\u00e4ltigung, sie beginnt mit der eigenst\u00e4ndigen Lebensf\u00fchrung im eigenen Wohnraum und beinhaltet Freizeitgestaltung \u2013 kulturelle Teilhabe&hellip;<\/p>\n","protected":false},"author":1,"featured_media":0,"parent":0,"menu_order":15,"comment_status":"closed","ping_status":"closed","template":"","meta":{"footnotes":""},"class_list":["post-1485","page","type-page","status-publish","hentry","description-off"],"_links":{"self":[{"href":"https:\/\/tandem-bewo.de\/index.php\/wp-json\/wp\/v2\/pages\/1485","targetHints":{"allow":["GET"]}}],"collection":[{"href":"https:\/\/tandem-bewo.de\/index.php\/wp-json\/wp\/v2\/pages"}],"about":[{"href":"https:\/\/tandem-bewo.de\/index.php\/wp-json\/wp\/v2\/types\/page"}],"author":[{"embeddable":true,"href":"https:\/\/tandem-bewo.de\/index.php\/wp-json\/wp\/v2\/users\/1"}],"replies":[{"embeddable":true,"href":"https:\/\/tandem-bewo.de\/index.php\/wp-json\/wp\/v2\/comments?post=1485"}],"version-history":[{"count":79,"href":"https:\/\/tandem-bewo.de\/index.php\/wp-json\/wp\/v2\/pages\/1485\/revisions"}],"predecessor-version":[{"id":15655,"href":"https:\/\/tandem-bewo.de\/index.php\/wp-json\/wp\/v2\/pages\/1485\/revisions\/15655"}],"wp:attachment":[{"href":"https:\/\/tandem-bewo.de\/index.php\/wp-json\/wp\/v2\/media?parent=1485"}],"curies":[{"name":"wp","href":"https:\/\/api.w.org\/{rel}","templated":true}]}}

Unsere Qualität

<p>[vc_row css=&#8220;.vc_custom_1634630842097{padding-top: 50px !important;}&#8220;][vc_column][vc_row_inner][vc_column_inner css=&#8220;.vc_custom_1630584324593{padding-bottom: 30px !important;}&#8220;][vc_single_image image=&#8220;15606&#8243; img_size=&#8220;large&#8220; add_caption=&#8220;yes&#8220; alignment=&#8220;center&#8220; style=&#8220;vc_box_rounded&#8220; css_animation=&#8220;fadeIn&#8220; css=&#8220;.vc_custom_1634631601340{margin-bottom: 0px !important;}&#8220;][/vc_column_inner][/vc_row_inner][/vc_column][/vc_row][vc_row css=&#8220;.vc_custom_1634544904995{border-radius: 4px !important;}&#8220;][vc_column][vc_row_inner][vc_column_inner width=&#8220;1/3&#8243;][vc_column_text css_animation=&#8220;fadeIn&#8220;]</p>
<p style="text-align: center;">Unsere vordringlichste Aufgabe ist die qualifizierte Assistenz und Beratung unserer Klientinnen und Klienten. Hierzu gehört die selbstbestimmte und eigenständige Alltagsbewältigung, sie beginnt mit der eigenständigen Lebensführung im eigenen Wohnraum und beinhaltet Freizeitgestaltung – kulturelle Teilhabe – Teilhabe am Leben in der Gemeinschaft – Aufbau und Aufrechterhaltung sozialer Beziehungen – Ausübung von Elternschaft mit Behinderung – Ausübung von Ehrenämtern.</p>
<p>[/vc_column_text][/vc_column_inner][vc_column_inner width=&#8220;1/3&#8243;][vc_column_text css_animation=&#8220;fadeIn&#8220;]</p>
<p style="text-align: center;">Wir betreuen jeden Klienten unabhängig von Geschlecht, Alter, sozialer Herkunft, Kultur, Religion oder Nationalität zu seiner Zufriedenheit und unter Berücksichtigung seiner individuellen Bedürfnisse.</p>
<p>[/vc_column_text][/vc_column_inner][vc_column_inner width=&#8220;1/3&#8243;][vc_column_text css_animation=&#8220;fadeIn&#8220;]</p>
<p style="text-align: left;">Wir stehen im Dialog mit unseren Klienten, beziehen sowohl unsere fachliche Position wie auch deren Bedürfnisse und Wünsche in unser Handeln mit ein.</p>
<p>[/vc_column_text][/vc_column_inner][/vc_row_inner][/vc_column][vc_column css=&#8220;.vc_custom_1631534310864{padding-top: 50px !important;}&#8220;][vc_row_inner][vc_column_inner width=&#8220;1/3&#8243;][vc_column_text css_animation=&#8220;fadeIn&#8220;]</p>
<p style="text-align: center;">Unsere Zusammenarbeit mit unseren Klienten basiert auf wissenschaftlich anerkannten Grundlagen und orientiert sich an modernen Standards der gemeindenahen psychiatrischen Versorgung, dem Empowerment</p>
<p>[/vc_column_text][/vc_column_inner][vc_column_inner width=&#8220;1/3&#8243;][vc_column_text css_animation=&#8220;fadeIn&#8220;]</p>
<p style="text-align: center;">Wir sichern die Qualität unserer Arbeit durch ein zertifiziertes Qualitätsmanagementsystem nach DIN EN ISO 9001:2015 und sorgen so für eine kontinuierliche Verbesserung. Für Qualität ist jede Mitarbeiterin und jeder Mitarbeiter in seinem Bereich selbst verantwortlich.</p>
<p>[/vc_column_text][/vc_column_inner][vc_column_inner width=&#8220;1/3&#8243;][vc_column_text css_animation=&#8220;fadeIn&#8220;]</p>
<p style="text-align: center;">Jeder Mitarbeiter ist befähigt, sein Handeln zu reflektieren, Dinge zu hinterfragen und selbst Kritik anzunehmen.</p>
<p>[/vc_column_text][/vc_column_inner][/vc_row_inner][/vc_column][/vc_row][vc_row][vc_column css=&#8220;.vc_custom_1631534522258{padding-top: 50px !important;padding-bottom: 50px !important;}&#8220;][vc_separator color=&#8220;custom&#8220; border_width=&#8220;3&#8243; css_animation=&#8220;fadeIn&#8220; accent_color=&#8220;#299e3f&#8220;][/vc_column][/vc_row][vc_row][vc_column css=&#8220;.vc_custom_1631534361848{padding-top: 50px !important;padding-bottom: 50px !important;}&#8220;][vc_row_inner][vc_column_inner width=&#8220;2/3&#8243;][vc_single_image image=&#8220;15652&#8243; img_size=&#8220;large&#8220; alignment=&#8220;center&#8220; style=&#8220;vc_box_shadow_3d&#8220; onclick=&#8220;link_image&#8220;][vc_empty_space][/vc_column_inner][vc_column_inner width=&#8220;1/3&#8243;]<div id="ultimate-heading-333769f34c5870fa1" class="uvc-heading ult-adjust-bottom-margin ultimate-heading-333769f34c5870fa1 uvc-7548 " data-hspacer="no_spacer"  data-halign="left" style="text-align:left"><div class="uvc-heading-spacer no_spacer" style="top"></div><div class="uvc-main-heading ult-responsive"  data-ultimate-target='.uvc-heading.ultimate-heading-333769f34c5870fa1 h2'  data-responsive-json-new='{"font-size":"desktop:34px;","line-height":"desktop:44px;"}' ><h2 style="font-weight:bold;color:#164784;">Unsere Mitgliedschaften</h2></div></div>[vc_empty_space height=&#8220;50&#8243;][vc_single_image image=&#8220;15459&#8243; img_size=&#8220;medium&#8220; alignment=&#8220;center&#8220;][vc_column_text]Bundesverband privater Anbieter sozialer Dienste e.V.[/vc_column_text][vc_empty_space height=&#8220;50&#8243;][vc_single_image image=&#8220;15463&#8243; img_size=&#8220;medium&#8220; alignment=&#8220;center&#8220;][vc_column_text]Deutsche Gesellschaft für Soziale Psychiatrie e.V.[/vc_column_text][/vc_column_inner][/vc_row_inner][/vc_column][/vc_row]</p>

<p>[vc_row css=&#8220;.vc_custom_1634630842097{padding-top: 50px !important;}&#8220;][vc_column][vc_row_inner][vc_column_inner css=&#8220;.vc_custom_1630584324593{padding-bottom: 30px !important;}&#8220;][vc_single_image image=&#8220;15606&#8243; img_size=&#8220;large&#8220; add_caption=&#8220;yes&#8220; alignment=&#8220;center&#8220; style=&#8220;vc_box_rounded&#8220; css_animation=&#8220;fadeIn&#8220; css=&#8220;.vc_custom_1634631601340{margin-bottom: 0px !important;}&#8220;][/vc_column_inner][/vc_row_inner][/vc_column][/vc_row][vc_row css=&#8220;.vc_custom_1634544904995{border-radius: 4px !important;}&#8220;][vc_column][vc_row_inner][vc_column_inner width=&#8220;1/3&#8243;][vc_column_text css_animation=&#8220;fadeIn&#8220;] Unsere vordringlichste Aufgabe ist die qualifizierte Assistenz und Beratung unserer Klientinnen und Klienten. Hierzu gehört die selbstbestimmte und eigenständige Alltagsbewältigung, sie beginnt mit der eigenständigen Lebensführung im eigenen Wohnraum und beinhaltet Freizeitgestaltung – kulturelle Teilhabe&hellip;</p>
