{"id":1481,"date":"2019-10-16T16:11:47","date_gmt":"2019-10-16T16:11:47","guid":{"rendered":"https:\/\/the7.io\/company\/?page_id=1481"},"modified":"2021-10-20T13:42:31","modified_gmt":"2021-10-20T11:42:31","slug":"home","status":"publish","type":"page","link":"https:\/\/tandem-bewo.de\/","title":{"rendered":"Start"},"content":{"rendered":"<p>[vc_row][vc_column css=&#8220;.vc_custom_1632120148569{padding-top: 50px !important;}&#8220;][vc_row_inner][vc_column_inner width=&#8220;1\/2&#8243;][vc_hoverbox image=&#8220;15565&#8243; primary_title=&#8220;Gemeinsam&#8220; primary_title_font_container=&#8220;color:%23164784&#8243; primary_title_use_theme_fonts=&#8220;yes&#8220; hover_title=&#8220;&#8220; hover_background_color=&#8220;custom&#8220; css_animation=&#8220;fadeIn&#8220; use_custom_fonts_primary_title=&#8220;true&#8220; hover_custom_background=&#8220;#299e3f&#8220;]<span style=\"color: #164784; text-align: left; font-size: 18px; font-weight: bold;\">Unser Konzept setzt auf Zusammenarbeit<\/span>[\/vc_hoverbox][\/vc_column_inner][vc_column_inner width=&#8220;1\/2&#8243;][vc_hoverbox image=&#8220;15567&#8243; primary_title=&#8220;Lebensqualit\u00e4t&#8220; primary_title_font_container=&#8220;color:%23164784&#8243; primary_title_use_theme_fonts=&#8220;yes&#8220; hover_title=&#8220;&#8220; hover_background_color=&#8220;custom&#8220; css_animation=&#8220;fadeIn&#8220; use_custom_fonts_primary_title=&#8220;true&#8220; hover_custom_background=&#8220;#164784&#8243;]<span style=\"color: #299e3f; text-align: left; font-size: 18px; font-weight: bold;\">Unsere Hilfen sorgen f\u00fcr Lebensqualit\u00e4t und Teilhabe<\/span>[\/vc_hoverbox][\/vc_column_inner][\/vc_row_inner][\/vc_column][\/vc_row][vc_row][vc_column css=&#8220;.vc_custom_1631533767119{padding-top: 50px !important;}&#8220;][vc_row_inner][vc_column_inner width=&#8220;1\/2&#8243; css=&#8220;.vc_custom_1575403372934{padding-bottom: 30px !important;}&#8220;]<div id=\"ultimate-heading-301369f1efc1dbd01\" class=\"uvc-heading ult-adjust-bottom-margin ultimate-heading-301369f1efc1dbd01 uvc-2293  uvc-heading-default-font-sizes\" data-hspacer=\"no_spacer\"  data-halign=\"left\" style=\"text-align:left\"><div class=\"uvc-heading-spacer no_spacer\" style=\"top\"><\/div><div class=\"uvc-sub-heading ult-responsive\"  data-ultimate-target='.uvc-heading.ultimate-heading-301369f1efc1dbd01 .uvc-sub-heading '  data-responsive-json-new='{\"font-size\":\"desktop:34px;\",\"line-height\":\"desktop:44px;\"}'  style=\"font-weight:bold;color:#164784;\">Unsere Hilfen sorgen f\u00fcr Lebensqualit\u00e4t und Teilhabe<\/div><\/div>[\/vc_column_inner][vc_column_inner width=&#8220;1\/2&#8243; css=&#8220;.vc_custom_1575403379152{padding-bottom: 30px !important;}&#8220;][vc_column_text]Wir sind ein moderner Dienstleister f\u00fcr Menschen mit Behinderungen und treten f\u00fcr die Verwirklichung von Chancengleichheit und Selbstbestimmung von Menschen mit psychischer Behinderung ein. Wir begleiten Menschen mit einer psychischen Erkrankung, damit sie ein selbst\u00e4ndiges Leben in der eigenen Wohnung f\u00fchren zu k\u00f6nnen. Wir arbeiten nach den Grunds\u00e4tzen des personenzentrierten Konzepts, nehmen unsere Klienten in ihrer pers\u00f6nlichen Eigenart an und unterst\u00fctzen sie, individuell ihre eigenen Wege zu finden.[\/vc_column_text][\/vc_column_inner][\/vc_row_inner][\/vc_column][\/vc_row][vc_row][vc_column][vc_row_inner][vc_column_inner width=&#8220;1\/2&#8243;]<div id=\"ultimate-heading-441069f1efc1dbd41\" class=\"uvc-heading ult-adjust-bottom-margin ultimate-heading-441069f1efc1dbd41 uvc-3111  uvc-heading-default-font-sizes\" data-hspacer=\"no_spacer\"  data-halign=\"left\" style=\"text-align:left\"><div class=\"uvc-heading-spacer no_spacer\" style=\"top\"><\/div><div class=\"uvc-sub-heading ult-responsive\"  data-ultimate-target='.uvc-heading.ultimate-heading-441069f1efc1dbd41 .uvc-sub-heading '  data-responsive-json-new='{\"font-size\":\"desktop:34px;\",\"line-height\":\"desktop:44px;\"}'  style=\"font-weight:bold;color:#009225;\">Unser Konzept setzt auf Zusammenarbeit<\/div><\/div>[\/vc_column_inner][vc_column_inner width=&#8220;1\/2&#8243;][vc_column_text]Mit dem Ambulant Betreuten Wohnen, kurz BeWo, bieten wir Menschen mit einer psychischen Erkrankung oder einer Suchterkrankung die Unterst\u00fctzung,\u00a0die sie ben\u00f6tigen, um mehr Lebensqualit\u00e4t und Teilhabe zu erhalten. Unsere Hilfen sollen Sie dabei unterst\u00fctzen, ein\u00a0selbst\u00e4ndiges Leben in der eigenen Wohnung\u00a0f\u00fchren zu k\u00f6nnen.<\/p>\n<p>Wir bieten\u00a0Unterst\u00fctzung\u00a0bei der Bew\u00e4ltigung von Alltagsproblemen\u00a0im Umgang mit der psychischen Erkrankung oder Suchterkrankung. Unsere\u00a0Angebote umfassen unterst\u00fctzende und auf die pers\u00f6nliche Situationen und Zielplanung ausgerichtete Hilfen.<\/p>\n<p class=\"font_8\">Diese Unterst\u00fctzung wird geleistet in\u00a0Gespr\u00e4chen und Beratungen,\u00a0Hausbesuchen,\u00a0Telefonkontakten,\u00a0gemeinsamen\u00a0Erledigungen, Unternehmungen, und Gruppenaktivit\u00e4ten.<\/p>\n<p class=\"font_8\">Dabei richten wir uns\u00a0nach dem, was Sie ben\u00f6tigen und welche Ziele wir f\u00fcr die Hilfen vereinbart haben. Ein wichtiges Ziel ist es, sie zu unterst\u00fctzen, dass ein selbst\u00e4ndiges Leben ohne Hilfen (wieder) m\u00f6glich wird.<\/p>\n<p>[\/vc_column_text][\/vc_column_inner][\/vc_row_inner][\/vc_column][\/vc_row][vc_row][vc_column][vc_empty_space height=&#8220;40px&#8220;][\/vc_column][\/vc_row]<\/p>\n","protected":false},"excerpt":{"rendered":"<p>[vc_row][vc_column css=&#8220;.vc_custom_1632120148569{padding-top: 50px !important;}&#8220;][vc_row_inner][vc_column_inner width=&#8220;1\/2&#8243;][vc_hoverbox image=&#8220;15565&#8243; primary_title=&#8220;Gemeinsam&#8220; primary_title_font_container=&#8220;color:%23164784&#8243; primary_title_use_theme_fonts=&#8220;yes&#8220; hover_title=&#8220;&#8220; hover_background_color=&#8220;custom&#8220; css_animation=&#8220;fadeIn&#8220; use_custom_fonts_primary_title=&#8220;true&#8220; hover_custom_background=&#8220;#299e3f&#8220;]Unser Konzept setzt auf Zusammenarbeit[\/vc_hoverbox][\/vc_column_inner][vc_column_inner width=&#8220;1\/2&#8243;][vc_hoverbox image=&#8220;15567&#8243; primary_title=&#8220;Lebensqualit\u00e4t&#8220; primary_title_font_container=&#8220;color:%23164784&#8243; primary_title_use_theme_fonts=&#8220;yes&#8220; hover_title=&#8220;&#8220; hover_background_color=&#8220;custom&#8220; css_animation=&#8220;fadeIn&#8220; use_custom_fonts_primary_title=&#8220;true&#8220; hover_custom_background=&#8220;#164784&#8243;]Unsere Hilfen sorgen f\u00fcr Lebensqualit\u00e4t und Teilhabe[\/vc_hoverbox][\/vc_column_inner][\/vc_row_inner][\/vc_column][\/vc_row][vc_row][vc_column css=&#8220;.vc_custom_1631533767119{padding-top: 50px !important;}&#8220;][vc_row_inner][vc_column_inner width=&#8220;1\/2&#8243; css=&#8220;.vc_custom_1575403372934{padding-bottom: 30px !important;}&#8220;][\/vc_column_inner][vc_column_inner width=&#8220;1\/2&#8243; css=&#8220;.vc_custom_1575403379152{padding-bottom: 30px !important;}&#8220;][vc_column_text]Wir sind ein moderner Dienstleister f\u00fcr Menschen mit Behinderungen und treten&hellip;<\/p>\n","protected":false},"author":1,"featured_media":0,"parent":0,"menu_order":0,"comment_status":"closed","ping_status":"closed","template":"","meta":{"footnotes":""},"class_list":["post-1481","page","type-page","status-publish","hentry","description-off"],"_links":{"self":[{"href":"https:\/\/tandem-bewo.de\/index.php\/wp-json\/wp\/v2\/pages\/1481","targetHints":{"allow":["GET"]}}],"collection":[{"href":"https:\/\/tandem-bewo.de\/index.php\/wp-json\/wp\/v2\/pages"}],"about":[{"href":"https:\/\/tandem-bewo.de\/index.php\/wp-json\/wp\/v2\/types\/page"}],"author":[{"embeddable":true,"href":"https:\/\/tandem-bewo.de\/index.php\/wp-json\/wp\/v2\/users\/1"}],"replies":[{"embeddable":true,"href":"https:\/\/tandem-bewo.de\/index.php\/wp-json\/wp\/v2\/comments?post=1481"}],"version-history":[{"count":66,"href":"https:\/\/tandem-bewo.de\/index.php\/wp-json\/wp\/v2\/pages\/1481\/revisions"}],"predecessor-version":[{"id":15618,"href":"https:\/\/tandem-bewo.de\/index.php\/wp-json\/wp\/v2\/pages\/1481\/revisions\/15618"}],"wp:attachment":[{"href":"https:\/\/tandem-bewo.de\/index.php\/wp-json\/wp\/v2\/media?parent=1481"}],"curies":[{"name":"wp","href":"https:\/\/api.w.org\/{rel}","templated":true}]}}

<p>[vc_row][vc_column css=&#8220;.vc_custom_1632120148569{padding-top: 50px !important;}&#8220;][vc_row_inner][vc_column_inner width=&#8220;1/2&#8243;][vc_hoverbox image=&#8220;15565&#8243; primary_title=&#8220;Gemeinsam&#8220; primary_title_font_container=&#8220;color:%23164784&#8243; primary_title_use_theme_fonts=&#8220;yes&#8220; hover_title=&#8220;&#8220; hover_background_color=&#8220;custom&#8220; css_animation=&#8220;fadeIn&#8220; use_custom_fonts_primary_title=&#8220;true&#8220; hover_custom_background=&#8220;#299e3f&#8220;]<span style="color: #164784; text-align: left; font-size: 18px; font-weight: bold;">Unser Konzept setzt auf Zusammenarbeit</span>[/vc_hoverbox][/vc_column_inner][vc_column_inner width=&#8220;1/2&#8243;][vc_hoverbox image=&#8220;15567&#8243; primary_title=&#8220;Lebensqualität&#8220; primary_title_font_container=&#8220;color:%23164784&#8243; primary_title_use_theme_fonts=&#8220;yes&#8220; hover_title=&#8220;&#8220; hover_background_color=&#8220;custom&#8220; css_animation=&#8220;fadeIn&#8220; use_custom_fonts_primary_title=&#8220;true&#8220; hover_custom_background=&#8220;#164784&#8243;]<span style="color: #299e3f; text-align: left; font-size: 18px; font-weight: bold;">Unsere Hilfen sorgen für Lebensqualität und Teilhabe</span>[/vc_hoverbox][/vc_column_inner][/vc_row_inner][/vc_column][/vc_row][vc_row][vc_column css=&#8220;.vc_custom_1631533767119{padding-top: 50px !important;}&#8220;][vc_row_inner][vc_column_inner width=&#8220;1/2&#8243; css=&#8220;.vc_custom_1575403372934{padding-bottom: 30px !important;}&#8220;]<div id="ultimate-heading-301369f1efc1dbd01" class="uvc-heading ult-adjust-bottom-margin ultimate-heading-301369f1efc1dbd01 uvc-2293  uvc-heading-default-font-sizes" data-hspacer="no_spacer"  data-halign="left" style="text-align:left"><div class="uvc-heading-spacer no_spacer" style="top"></div><div class="uvc-sub-heading ult-responsive"  data-ultimate-target='.uvc-heading.ultimate-heading-301369f1efc1dbd01 .uvc-sub-heading '  data-responsive-json-new='{"font-size":"desktop:34px;","line-height":"desktop:44px;"}'  style="font-weight:bold;color:#164784;">Unsere Hilfen sorgen für Lebensqualität und Teilhabe</div></div>[/vc_column_inner][vc_column_inner width=&#8220;1/2&#8243; css=&#8220;.vc_custom_1575403379152{padding-bottom: 30px !important;}&#8220;][vc_column_text]Wir sind ein moderner Dienstleister für Menschen mit Behinderungen und treten für die Verwirklichung von Chancengleichheit und Selbstbestimmung von Menschen mit psychischer Behinderung ein. Wir begleiten Menschen mit einer psychischen Erkrankung, damit sie ein selbständiges Leben in der eigenen Wohnung führen zu können. Wir arbeiten nach den Grundsätzen des personenzentrierten Konzepts, nehmen unsere Klienten in ihrer persönlichen Eigenart an und unterstützen sie, individuell ihre eigenen Wege zu finden.[/vc_column_text][/vc_column_inner][/vc_row_inner][/vc_column][/vc_row][vc_row][vc_column][vc_row_inner][vc_column_inner width=&#8220;1/2&#8243;]<div id="ultimate-heading-441069f1efc1dbd41" class="uvc-heading ult-adjust-bottom-margin ultimate-heading-441069f1efc1dbd41 uvc-3111  uvc-heading-default-font-sizes" data-hspacer="no_spacer"  data-halign="left" style="text-align:left"><div class="uvc-heading-spacer no_spacer" style="top"></div><div class="uvc-sub-heading ult-responsive"  data-ultimate-target='.uvc-heading.ultimate-heading-441069f1efc1dbd41 .uvc-sub-heading '  data-responsive-json-new='{"font-size":"desktop:34px;","line-height":"desktop:44px;"}'  style="font-weight:bold;color:#009225;">Unser Konzept setzt auf Zusammenarbeit</div></div>[/vc_column_inner][vc_column_inner width=&#8220;1/2&#8243;][vc_column_text]Mit dem Ambulant Betreuten Wohnen, kurz BeWo, bieten wir Menschen mit einer psychischen Erkrankung oder einer Suchterkrankung die Unterstützung, die sie benötigen, um mehr Lebensqualität und Teilhabe zu erhalten. Unsere Hilfen sollen Sie dabei unterstützen, ein selbständiges Leben in der eigenen Wohnung führen zu können.</p>
<p>Wir bieten Unterstützung bei der Bewältigung von Alltagsproblemen im Umgang mit der psychischen Erkrankung oder Suchterkrankung. Unsere Angebote umfassen unterstützende und auf die persönliche Situationen und Zielplanung ausgerichtete Hilfen.</p>
<p class="font_8">Diese Unterstützung wird geleistet in Gesprächen und Beratungen, Hausbesuchen, Telefonkontakten, gemeinsamen Erledigungen, Unternehmungen, und Gruppenaktivitäten.</p>
<p class="font_8">Dabei richten wir uns nach dem, was Sie benötigen und welche Ziele wir für die Hilfen vereinbart haben. Ein wichtiges Ziel ist es, sie zu unterstützen, dass ein selbständiges Leben ohne Hilfen (wieder) möglich wird.</p>
<p>[/vc_column_text][/vc_column_inner][/vc_row_inner][/vc_column][/vc_row][vc_row][vc_column][vc_empty_space height=&#8220;40px&#8220;][/vc_column][/vc_row]</p>

<p>[vc_row][vc_column css=&#8220;.vc_custom_1632120148569{padding-top: 50px !important;}&#8220;][vc_row_inner][vc_column_inner width=&#8220;1/2&#8243;][vc_hoverbox image=&#8220;15565&#8243; primary_title=&#8220;Gemeinsam&#8220; primary_title_font_container=&#8220;color:%23164784&#8243; primary_title_use_theme_fonts=&#8220;yes&#8220; hover_title=&#8220;&#8220; hover_background_color=&#8220;custom&#8220; css_animation=&#8220;fadeIn&#8220; use_custom_fonts_primary_title=&#8220;true&#8220; hover_custom_background=&#8220;#299e3f&#8220;]Unser Konzept setzt auf Zusammenarbeit[/vc_hoverbox][/vc_column_inner][vc_column_inner width=&#8220;1/2&#8243;][vc_hoverbox image=&#8220;15567&#8243; primary_title=&#8220;Lebensqualität&#8220; primary_title_font_container=&#8220;color:%23164784&#8243; primary_title_use_theme_fonts=&#8220;yes&#8220; hover_title=&#8220;&#8220; hover_background_color=&#8220;custom&#8220; css_animation=&#8220;fadeIn&#8220; use_custom_fonts_primary_title=&#8220;true&#8220; hover_custom_background=&#8220;#164784&#8243;]Unsere Hilfen sorgen für Lebensqualität und Teilhabe[/vc_hoverbox][/vc_column_inner][/vc_row_inner][/vc_column][/vc_row][vc_row][vc_column css=&#8220;.vc_custom_1631533767119{padding-top: 50px !important;}&#8220;][vc_row_inner][vc_column_inner width=&#8220;1/2&#8243; css=&#8220;.vc_custom_1575403372934{padding-bottom: 30px !important;}&#8220;][/vc_column_inner][vc_column_inner width=&#8220;1/2&#8243; css=&#8220;.vc_custom_1575403379152{padding-bottom: 30px !important;}&#8220;][vc_column_text]Wir sind ein moderner Dienstleister für Menschen mit Behinderungen und treten&hellip;</p>
