{"id":1479,"date":"2019-10-16T16:11:29","date_gmt":"2019-10-16T16:11:29","guid":{"rendered":"https:\/\/the7.io\/company\/?page_id=1479"},"modified":"2021-10-20T14:18:27","modified_gmt":"2021-10-20T12:18:27","slug":"unserehilfen","status":"publish","type":"page","link":"https:\/\/tandem-bewo.de\/index.php\/unserehilfen\/","title":{"rendered":"Unsere Hilfen"},"content":{"rendered":"<p>[vc_row css=&#8220;.vc_custom_1630583171174{padding-top: 50px !important;}&#8220;][vc_column][vc_row_inner][vc_column_inner width=&#8220;1\/2&#8243;][vc_single_image image=&#8220;15414&#8243; img_size=&#8220;large&#8220;][\/vc_column_inner][vc_column_inner width=&#8220;1\/2&#8243; css=&#8220;.vc_custom_1630583318622{padding-top: 100px !important;}&#8220;]<div id=\"ultimate-heading-42946a0075ab19f11\" class=\"uvc-heading ult-adjust-bottom-margin ultimate-heading-42946a0075ab19f11 uvc-342  uvc-heading-default-font-sizes\" data-hspacer=\"no_spacer\"  data-halign=\"left\" style=\"text-align:left\"><div class=\"uvc-heading-spacer no_spacer\" style=\"top\"><\/div><div class=\"uvc-main-heading ult-responsive\"  data-ultimate-target='.uvc-heading.ultimate-heading-42946a0075ab19f11 h3'  data-responsive-json-new='{\"font-size\":\"\",\"line-height\":\"\"}' ><h3 style=\"font-weight:bold;color:#164784;margin-bottom:20px;\">Selbst\u00e4ndig leben mit Unterst\u00fctzung!<\/h3><\/div><\/div>[vc_column_text]<\/p>\n<p class=\"font_7\">Das ambulant betreute Wohnen ist rechtlich eine Leistung zur sozialen Teilhabe im Sinne von \u00a7 113 SGB IX.<\/p>\n<p class=\"font_7\">Beim ambulant betreuten Wohnen handelt es sich um ein gemeindeintegriertes, am individuellen Bedarf des betreuten Menschen orientiertes Betreuungsangebot. Dieses erm\u00f6glicht dem betreuten Menschen ein selbst\u00e4ndiges Wohnen und damit ein selbstbestimmtes Leben und sozialeTeilhabe.<\/p>\n<p>[\/vc_column_text][\/vc_column_inner][\/vc_row_inner][\/vc_column][\/vc_row][vc_row][vc_column css=&#8220;.vc_custom_1630583385746{padding-top: 50px !important;}&#8220;][vc_row_inner][vc_column_inner width=&#8220;1\/2&#8243;]<div id=\"ultimate-heading-87306a0075ab19f4f\" class=\"uvc-heading ult-adjust-bottom-margin ultimate-heading-87306a0075ab19f4f uvc-4044  uvc-heading-default-font-sizes\" data-hspacer=\"no_spacer\"  data-halign=\"left\" style=\"text-align:left\"><div class=\"uvc-heading-spacer no_spacer\" style=\"top\"><\/div><div class=\"uvc-main-heading ult-responsive\"  data-ultimate-target='.uvc-heading.ultimate-heading-87306a0075ab19f4f h3'  data-responsive-json-new='{\"font-size\":\"\",\"line-height\":\"\"}' ><h3 style=\"font-weight:bold;color:#164784;margin-bottom:20px;\">Wie gehe ich vor, wenn ich mich f\u00fcr Bewo interessiere?<\/h3><\/div><\/div>[\/vc_column_inner][vc_column_inner width=&#8220;1\/2&#8243;][vc_column_text]<\/p>\n<p class=\"font_7\">In einem ersten Telefonat oder per E-Mail nehmen Sie Kontakt mit uns auf. Hier k\u00f6nnen Sie mit uns vorab alle wichtigen Fragen kl\u00e4ren und vereinbaren danach ein Erstgespr\u00e4ch. Nach diesem Gespr\u00e4ch lernen Sie ihre feste Bezugsperson kennen, die Sie von nun an bei allen weiteren Schritten begleiten wird.<\/p>\n<p>[\/vc_column_text][\/vc_column_inner][\/vc_row_inner][\/vc_column][\/vc_row][vc_row][vc_column css=&#8220;.vc_custom_1630583467472{padding-top: 50px !important;}&#8220;][vc_row_inner][vc_column_inner width=&#8220;1\/2&#8243;]<div id=\"ultimate-heading-35426a0075ab19f87\" class=\"uvc-heading ult-adjust-bottom-margin ultimate-heading-35426a0075ab19f87 uvc-5486  uvc-heading-default-font-sizes\" data-hspacer=\"no_spacer\"  data-halign=\"left\" style=\"text-align:left\"><div class=\"uvc-heading-spacer no_spacer\" style=\"top\"><\/div><div class=\"uvc-main-heading ult-responsive\"  data-ultimate-target='.uvc-heading.ultimate-heading-35426a0075ab19f87 h3'  data-responsive-json-new='{\"font-size\":\"\",\"line-height\":\"\"}' ><h3 style=\"font-weight:bold;color:#164784;margin-bottom:20px;\">Wie und wo stelle ich einen Antrag?<\/h3><\/div><\/div>[\/vc_column_inner][vc_column_inner width=&#8220;1\/2&#8243;][vc_column_text]<\/p>\n<p class=\"font_7\">Mit unserer Unterst\u00fctzung stellen Sie beim Landschaftsverband Rheinland einen Antrag auf Kosten\u00fcbernahme. Hier wird der genaue Hilfebedarf nach Inhalt und Umfang beschrieben.<\/p>\n<p>[\/vc_column_text][\/vc_column_inner][\/vc_row_inner][\/vc_column][\/vc_row][vc_row][vc_column css=&#8220;.vc_custom_1630583532109{padding-top: 50px !important;}&#8220;][vc_row_inner][vc_column_inner width=&#8220;1\/2&#8243;]<div id=\"ultimate-heading-19296a0075ab19fb2\" class=\"uvc-heading ult-adjust-bottom-margin ultimate-heading-19296a0075ab19fb2 uvc-3391  uvc-heading-default-font-sizes\" data-hspacer=\"no_spacer\"  data-halign=\"left\" style=\"text-align:left\"><div class=\"uvc-heading-spacer no_spacer\" style=\"top\"><\/div><div class=\"uvc-main-heading ult-responsive\"  data-ultimate-target='.uvc-heading.ultimate-heading-19296a0075ab19fb2 h3'  data-responsive-json-new='{\"font-size\":\"\",\"line-height\":\"\"}' ><h3 style=\"font-weight:bold;color:#164784;margin-bottom:20px;\">Welche Voraussetzungen m\u00fcssen erf\u00fcllt sein?<\/h3><\/div><\/div>[\/vc_column_inner][vc_column_inner width=&#8220;1\/2&#8243;][vc_column_text]<\/p>\n<p class=\"font_7\">Sie m\u00fcssen mindestens 21 Jahren und einen Wohnsitz in Bonn oder dem Rhein-Sieg-Kreis haben oder die feste Planung, hier einen Wohnsitz zu suchen. Dar\u00fcber hinaus wird eine fach\u00e4rztliche Stellungnahme ben\u00f6tigt, aus der sich das Vorliegen einer wesentlichen Behinderung ergibt.<\/p>\n<p>[\/vc_column_text][\/vc_column_inner][\/vc_row_inner][\/vc_column][\/vc_row][vc_row][vc_column css=&#8220;.vc_custom_1630583587425{padding-top: 50px !important;}&#8220;][vc_row_inner][vc_column_inner width=&#8220;1\/2&#8243;]<div id=\"ultimate-heading-82046a0075ab19fdc\" class=\"uvc-heading ult-adjust-bottom-margin ultimate-heading-82046a0075ab19fdc uvc-5730  uvc-heading-default-font-sizes\" data-hspacer=\"no_spacer\"  data-halign=\"left\" style=\"text-align:left\"><div class=\"uvc-heading-spacer no_spacer\" style=\"top\"><\/div><div class=\"uvc-main-heading ult-responsive\"  data-ultimate-target='.uvc-heading.ultimate-heading-82046a0075ab19fdc h3'  data-responsive-json-new='{\"font-size\":\"\",\"line-height\":\"\"}' ><h3 style=\"font-weight:bold;color:#164784;margin-bottom:20px;\">Wer \u00fcbernimmt die Kosten?<\/h3><\/div><\/div>[\/vc_column_inner][vc_column_inner width=&#8220;1\/2&#8243;][vc_column_text]<\/p>\n<p class=\"font_7\">Der Landschaftsverband Rheinland \u00fcbernimmt nach \u00dcberpr\u00fcfung des Sozialhilfeantrages die Kosten des Betreuten Wohnens. Sofern Sie \u00fcber ausreichendes Einkommen verf\u00fcgen, werden Sie an den Kosten beteiligt. Sie k\u00f6nnen unsere Hilfen auch als Privatzahler in Anspruch nehmen.<\/p>\n<p>[\/vc_column_text][\/vc_column_inner][\/vc_row_inner][\/vc_column][\/vc_row][vc_row][vc_column css=&#8220;.vc_custom_1630583593554{padding-top: 50px !important;}&#8220;][vc_row_inner][vc_column_inner width=&#8220;1\/2&#8243;]<div id=\"ultimate-heading-22986a0075ab1a005\" class=\"uvc-heading ult-adjust-bottom-margin ultimate-heading-22986a0075ab1a005 uvc-1341  uvc-heading-default-font-sizes\" data-hspacer=\"no_spacer\"  data-halign=\"left\" style=\"text-align:left\"><div class=\"uvc-heading-spacer no_spacer\" style=\"top\"><\/div><div class=\"uvc-main-heading ult-responsive\"  data-ultimate-target='.uvc-heading.ultimate-heading-22986a0075ab1a005 h3'  data-responsive-json-new='{\"font-size\":\"\",\"line-height\":\"\"}' ><h3 style=\"font-weight:bold;color:#164784;margin-bottom:20px;\">Wann kann die Hilfe beginnen?<\/h3><\/div><\/div>[\/vc_column_inner][vc_column_inner width=&#8220;1\/2&#8243;][vc_column_text]<\/p>\n<p class=\"font_7\">Nachdem wir mit Ihnen die Voraussetzungen f\u00fcr die Hilfen gekl\u00e4rt haben, kann in aller Regel sofort mit den Hilfen begonnen werden. N\u00e4heres kl\u00e4ren wir mit Ihnen in einem Beratungsgespr\u00e4ch.<\/p>\n<p>[\/vc_column_text][\/vc_column_inner][\/vc_row_inner][\/vc_column][\/vc_row][vc_row][vc_column css=&#8220;.vc_custom_1630583870255{padding-top: 50px !important;padding-bottom: 50px !important;}&#8220;][vc_row_inner][vc_column_inner width=&#8220;1\/2&#8243;]<div id=\"ultimate-heading-37416a0075ab1a02c\" class=\"uvc-heading ult-adjust-bottom-margin ultimate-heading-37416a0075ab1a02c uvc-1212  uvc-heading-default-font-sizes\" data-hspacer=\"no_spacer\"  data-halign=\"left\" style=\"text-align:left\"><div class=\"uvc-heading-spacer no_spacer\" style=\"top\"><\/div><div class=\"uvc-main-heading ult-responsive\"  data-ultimate-target='.uvc-heading.ultimate-heading-37416a0075ab1a02c h3'  data-responsive-json-new='{\"font-size\":\"\",\"line-height\":\"\"}' ><h3 style=\"font-weight:bold;color:#164784;margin-bottom:20px;\">Welche Unterst\u00fctzungsleistungen bieten wir?<\/h3><\/div><\/div>[\/vc_column_inner][vc_column_inner width=&#8220;1\/2&#8243;][vc_column_text]Wir\u00a0bieten\u00a0Unterst\u00fctzung\u00a0bei der Bew\u00e4ltigung von Alltagsproblemen\u00a0im Umgang mit der psychischen Erkrankung und der Suchterkrankung.<\/p>\n<p>Unsere Angebote umfassen unterst\u00fctzende und auf die pers\u00f6nliche Situationen und Zielplanung ausgerichtete Hilfen.[\/vc_column_text][\/vc_column_inner][\/vc_row_inner][\/vc_column][\/vc_row]<\/p>\n","protected":false},"excerpt":{"rendered":"<p>[vc_row css=&#8220;.vc_custom_1630583171174{padding-top: 50px !important;}&#8220;][vc_column][vc_row_inner][vc_column_inner width=&#8220;1\/2&#8243;][vc_single_image image=&#8220;15414&#8243; img_size=&#8220;large&#8220;][\/vc_column_inner][vc_column_inner width=&#8220;1\/2&#8243; css=&#8220;.vc_custom_1630583318622{padding-top: 100px !important;}&#8220;][vc_column_text] Das ambulant betreute Wohnen ist rechtlich eine Leistung zur sozialen Teilhabe im Sinne von \u00a7 113 SGB IX. Beim ambulant betreuten Wohnen handelt es sich um ein gemeindeintegriertes, am individuellen Bedarf des betreuten Menschen orientiertes Betreuungsangebot. Dieses erm\u00f6glicht dem betreuten Menschen ein selbst\u00e4ndiges Wohnen&hellip;<\/p>\n","protected":false},"author":1,"featured_media":0,"parent":0,"menu_order":10,"comment_status":"closed","ping_status":"closed","template":"","meta":{"footnotes":""},"class_list":["post-1479","page","type-page","status-publish","hentry","description-off"],"_links":{"self":[{"href":"https:\/\/tandem-bewo.de\/index.php\/wp-json\/wp\/v2\/pages\/1479","targetHints":{"allow":["GET"]}}],"collection":[{"href":"https:\/\/tandem-bewo.de\/index.php\/wp-json\/wp\/v2\/pages"}],"about":[{"href":"https:\/\/tandem-bewo.de\/index.php\/wp-json\/wp\/v2\/types\/page"}],"author":[{"embeddable":true,"href":"https:\/\/tandem-bewo.de\/index.php\/wp-json\/wp\/v2\/users\/1"}],"replies":[{"embeddable":true,"href":"https:\/\/tandem-bewo.de\/index.php\/wp-json\/wp\/v2\/comments?post=1479"}],"version-history":[{"count":24,"href":"https:\/\/tandem-bewo.de\/index.php\/wp-json\/wp\/v2\/pages\/1479\/revisions"}],"predecessor-version":[{"id":15514,"href":"https:\/\/tandem-bewo.de\/index.php\/wp-json\/wp\/v2\/pages\/1479\/revisions\/15514"}],"wp:attachment":[{"href":"https:\/\/tandem-bewo.de\/index.php\/wp-json\/wp\/v2\/media?parent=1479"}],"curies":[{"name":"wp","href":"https:\/\/api.w.org\/{rel}","templated":true}]}}